3
Let l(u) = 11*u - 41. Let h be l(5). Suppose 0 = -12*b + h*b - 368. Calculate the highest common factor of b and 138.
46
Let j = 5141 - 3994. What is the greatest common factor of j and 74?
37
Let b = 2208 + 2446. Calculate the highest common factor of 104 and b.
26
Let k(g) = g**2 - 6*g + 19. Let c be k(6). Let o = -6 - -4. Let m be -1*o/4*2508/6. What is the highest common factor of c and m?
19
Let j be -2 + 3 + 15 + -1. Suppose -89*k = -3986 - 5269 - 90. What is the highest common factor of j and k?
15
Suppose 3 = 8*l - 5*l - 3*k, -2*l = -5*k - 14. Let m be (-2248)/l + 100/(-75). What is the greatest common divisor of m and 22?
22
Suppose 70 = 5*v - 5*u, 2*v - 5 - 21 = 4*u. Suppose -6463*m = -6496*m + 6435. What is the greatest common factor of m and v?
15
Let z = 11499 - 11451. Calculate the greatest common divisor of z and 14772.
12
Let m = 24209 + -21553. Calculate the greatest common divisor of 8 and m.
8
Let l = -907 - -936. Suppose -l*y + 13*y = -2064. What is the highest common factor of 172 and y?
43
Suppose -5*c - r = 72, 0 = 2*c - 3*r - r + 42. Suppose 3*k = 6*k + 15. Let s = k - c. What is the greatest common divisor of 5 and s?
5
Let q(z) = z**3 - 10*z**2 + 16*z + 21. Let a be q(9). What is the greatest common divisor of 96 and a?
12
Let o(c) = 2*c**2 - 8*c + 8. Let b be o(6). Let q = -28 + b. Calculate the greatest common factor of q and 36.
4
Suppose l + 4*l + x = 101, -4*x + 84 = 4*l. Let h be (-3)/6 - (-450)/l. Suppose -2*f + 123 + 9 = 0. What is the highest common divisor of f and h?
22
Let f = -82913 - -83198. Suppose b - 180 = -3*b. Calculate the highest common factor of b and f.
15
Let o be -459*(-7)/2*1*56/42. What is the greatest common divisor of 510 and o?
102
Suppose -47*p = -39*p - 48. Let s be 895/15 + 2/p. What is the highest common factor of 84 and s?
12
Let h be ((-28)/(-8) - 3)*26. Suppose 7*g = 662 + 1158. Calculate the highest common divisor of h and g.
13
Let i(l) = -3 + 1 - 41 - 37*l. Let b be i(-3). Calculate the highest common factor of 51 and b.
17
Suppose 0 = 5*z + 3*f - 35, -4*f - 28 = 3*z - 7*z. Suppose -20 = -6*q + 2*q, -81 = -2*a - 5*q. What is the greatest common divisor of z and a?
7
Let l be 5*(-479 - 2)*98/(-490). Suppose c + 4*c - 10 = 0, 4*x - 62 = -5*c. What is the highest common divisor of x and l?
13
Suppose 2*j - 19 = 3*h, 3*j - 3 = -h - 2. Suppose j*d = -9*q + 5*q + 108, 6 = 2*q. Calculate the highest common factor of d and 108.
12
Let x be ((-240)/(-55))/(54/2376). Calculate the greatest common divisor of 768 and x.
192
Let d be (84 - 82)/(1/721). What is the greatest common factor of 224 and d?
14
Let p = -3411 - -5251. What is the highest common divisor of p and 240?
80
Suppose -122*u = 36*u - 1632140. What is the highest common factor of u and 20?
10
Let j = 686 - 275. Suppose -j*s + 407*s = -832. Calculate the greatest common factor of 16 and s.
16
Suppose 309*z - 99*z = 17640. Calculate the greatest common divisor of z and 3885.
21
Suppose j + 2 + 0 = 4*x, 4*j + 25 = -x. Let p = 27 + j. Let w(k) = -42*k**3. Let c be w(-1). Calculate the highest common divisor of p and c.
21
Let n(s) be the first derivative of s**4/4 + 7*s**3 - s**2/2 - 5*s + 51. Let g be n(-21). What is the highest common divisor of g and 128?
16
Let l(p) = -14*p + 231. Let o(u) = 2*u + 2. Let x(f) = l(f) + 5*o(f). Let z be x(39). What is the highest common factor of z and 34?
17
Let z = -22 + 217. Suppose -8*j = -z + 3. Suppose -28*l = -j*l - 56. What is the greatest common divisor of 42 and l?
14
Suppose -285*w + 112464 = -153*w. Calculate the highest common factor of 60 and w.
12
Suppose -2*u + 0*f = f - 26, 2*f + 38 = 2*u. Suppose 18*v - u*v = 12. Calculate the greatest common divisor of v and 8.
4
Suppose 6*f - 11*f + 1530 = 0. Suppose 167*l + f = 173*l. What is the greatest common divisor of 187 and l?
17
Suppose 2969 - 4862 = -23*j + 4041. What is the greatest common divisor of j and 4988?
86
Suppose 3*f - 15 - 21 = -3*o, -o = -5*f - 18. Calculate the highest common factor of 143 and o.
13
Suppose -3*o = 30 - 3. Let f be (-6)/o - (482/(-6) + -3). Calculate the greatest common factor of f and 56.
28
Let r(v) = v**2 + 4*v - 2. Let z be r(-5). Suppose -z*w = -4*s + 52, 0*s + 13 = s - w. Calculate the greatest common divisor of 533 and s.
13
Suppose 3186 + 5364 = 15*p. Calculate the highest common divisor of 38 and p.
38
Let z(d) = -5*d + 67. Let k(n) = 11*n - 133. Let y(a) = -6*k(a) - 15*z(a). Let j be y(25). What is the highest common factor of 774 and j?
18
Suppose -2*l = -4*r - 840, -4*r = -4*l + 2716 - 1060. What is the greatest common divisor of 36 and l?
12
Let d be (14 - 1) + -258 + 637. Calculate the greatest common divisor of 343 and d.
49
Let t(y) = -16*y - 162. Let c be t(-10). Let m be (-392)/(-10) - c/(-10). Suppose 7*i - 78 = 4*i. Calculate the greatest common divisor of i and m.
13
Suppose 2*w - 5*q = 17, 187*q + 9 = 184*q. What is the highest common factor of 81 and w?
1
Let k be 48/(-56)*5*-7. Let v be ((4/6)/(37/(-16650)))/(8/(-4)). What is the greatest common divisor of k and v?
30
Let v = -591 - -735. Suppose 0 = 13*l - v + 53. Calculate the greatest common divisor of l and 105.
7
Suppose 3*n - 425 = 8*n. Let d = -80 - n. Suppose 4*u - 12*u = -40. Calculate the greatest common divisor of u and d.
5
Let h(z) = 18*z**2 + 29*z + 223. Let j be h(-6). What is the highest common divisor of 41 and j?
41
Let t(s) = -s**2 + 8*s - 6. Let y be t(6). Let h = 9 - y. Let r = -282 + 306. What is the highest common factor of r and h?
3
Suppose 30*x = 7221 + 3309. Calculate the greatest common factor of x and 243.
27
Let r be (-5)/(-6) - 165/(-18). Suppose 71 = b - 15*o + r*o, 3*o = 12. Calculate the greatest common factor of 182 and b.
91
Let q = 698 + 6. Suppose 0 = -12*w + 184 + q. Calculate the highest common factor of w and 481.
37
Let p = 818 - 642. What is the highest common divisor of p and 112?
16
Let d = -248 + 155. Let t = d - -41. Let m = -46 - t. What is the greatest common divisor of m and 30?
6
Let w(x) = 2*x**2 + 20*x + 3. Let l be w(-10). Let k be (1/l)/(25/(-525)). Let b be 56 + (-2 + k - -4). Calculate the greatest common factor of 459 and b.
51
Let q = -4780 - -7084. Calculate the highest common divisor of 45 and q.
9
Suppose -4*m + 5*s = -1102, 2*m = 6*s + 116 + 442. Calculate the highest common factor of 651 and m.
21
Let a = 11106 + -5801. What is the highest common divisor of a and 5?
5
Let i = 13610 - 13118. Calculate the greatest common factor of 9 and i.
3
Suppose 47 = c + 4*y - 69, -5*c + 544 = 2*y. Suppose -c = -o - 0*o. Let g = o - 92. Calculate the greatest common divisor of g and 72.
8
Let v(y) = y**2 - 5*y + 8. Let l be 2 - ((-5)/15 + (-16)/6). Let a be v(l). Calculate the highest common factor of 408 and a.
8
Let v = -1440 - -740. Let r = 1274 + v. What is the highest common divisor of r and 82?
82
Let t(a) = -25*a**3 - 15*a**2 + 43*a - 7. Let y be t(3). Let u = -649 - y. Calculate the greatest common divisor of 715 and u.
13
Let a be 0 - -17 - 60*17/204. Calculate the greatest common divisor of 4908 and a.
12
Let c = 4461 + -4455. Let y(d) = 9*d**3 + d**2 - 1. Let z be y(1). Suppose -c - z = -5*p. What is the greatest common factor of p and 27?
3
Let b be (-28)/(-266) + 10049/19. Let x be 1/(4/(-46))*-2. What is the greatest common factor of x and b?
23
Suppose 344*i - 13562883 = -205*i - 2825541. Calculate the greatest common divisor of 308 and i.
154
Suppose 30 = 6*v - 3*v. Suppose 78 = l + v. Let g be 52320/6540 + 1 + 4*2. Calculate the greatest common divisor of g and l.
17
Suppose -15*o - 18174 = -2*d - 16*o, -3*d = o - 27264. Calculate the greatest common factor of d and 90.
90
Let h(k) be the third derivative of k**5/30 - 31*k**4/12 + k**3/3 + 39*k**2 + 2*k. Let i be h(32). Calculate the greatest common divisor of i and 462.
66
Let n = -768 - -793. Let l(x) = -9*x**3 - x**2 + 8*x - 35. Let b be l(-5). What is the greatest common divisor of n and b?
25
Suppose -411*d + 3779 + 5664 = 2867. Let n = 141 - 85. Let f = -40 + n. What is the greatest common divisor of f and d?
16
Let d be 74/4 - (-2)/(-4). Let x = -9 + 8. Let c be 3 - (6 + (-3 - 0))/x. Calculate the greatest common divisor of c and d.
6
Let p(d) = d**3 + 9*d**2 + 10*d - 21. Let a be p(-6). Suppose 0 =